 of 310 and 238080.
310
What is the highest common factor of 2618 and 6622?
154
Calculate the greatest common divisor of 132487 and 15047.
367
Calculate the greatest common factor of 823658 and 11.
11
Calculate the greatest common divisor of 819 and 41678.
91
What is the highest common factor of 16 and 40472?
8
What is the greatest common factor of 4125 and 671?
11
What is the greatest common divisor of 2925 and 480?
15
Calculate the highest common divisor of 949263 and 84.
21
What is the greatest common divisor of 5010 and 1770?
30
What is the highest common factor of 3575 and 18975?
275
What is the highest common divisor of 323 and 31654?
323
Calculate the greatest common divisor of 10180 and 13780.
20
What is the highest common divisor of 1748 and 6808?
92
What is the highest common divisor of 1246 and 4634?
14
Calculate the greatest common factor of 49487 and 1275.
17
What is the highest common factor of 1672947 and 108?
27
What is the highest common divisor of 6464 and 146248?
808
Calculate the highest common factor of 20 and 151710.
10
Calculate the greatest common divisor of 50430 and 30.
30
What is the highest common divisor of 1342030 and 430?
430
Calculate the greatest common divisor of 976 and 7564.
244
Calculate the greatest common factor of 375888 and 382.
382
Calculate the greatest common factor of 10858 and 1342.
122
What is the highest common factor of 240 and 3090?
30
Calculate the greatest common factor of 1110 and 1572.
6
Calculate the greatest common divisor of 9971214 and 34.
34
Calculate the greatest common divisor of 48 and 23832.
24
Calculate the greatest common divisor of 231 and 28371.
21
What is the greatest common factor of 4056 and 19248?
24
Calculate the greatest common factor of 23470 and 1200.
10
Calculate the highest common factor of 76 and 68723.
19
What is the highest common divisor of 231 and 48741?
231
What is the highest common factor of 4042 and 4183?
47
Calculate the greatest common divisor of 36325 and 50.
25
What is the greatest common factor of 86450 and 8246?
266
What is the greatest common divisor of 445104 and 7216?
176
Calculate the highest common factor of 10686 and 30.
6
What is the highest common divisor of 57505 and 620?
155
Calculate the highest common divisor of 150 and 44175.
75
Calculate the highest common factor of 1330 and 140182.
266
What is the highest common divisor of 628 and 66088?
4
Calculate the greatest common divisor of 84735 and 126.
63
Calculate the highest common divisor of 20863 and 2573.
31
Calculate the greatest common divisor of 4 and 900308.
4
What is the greatest common divisor of 288036 and 7?
7
What is the highest common factor of 47396 and 68?
68
Calculate the greatest common divisor of 75338 and 1084.
542
Calculate the greatest common divisor of 19500 and 180.
60
What is the highest common factor of 63 and 13272?
21
What is the greatest common factor of 1957374 and 5328?
666
Calculate the highest common factor of 3664375 and 451.
451
What is the highest common divisor of 28861 and 118916?
217
Calculate the greatest common factor of 55 and 192505.
5
Calculate the greatest common divisor of 62 and 224099.
31
Calculate the greatest common factor of 2989 and 98.
49
Calculate the highest common divisor of 15529 and 23733.
293
Calculate the greatest common divisor of 1485873 and 18.
9
What is the highest common factor of 42 and 45024?
42
What is the greatest common factor of 5493849 and 69?
69
What is the greatest common factor of 860 and 2729210?
430
Calculate the highest common factor of 114295 and 5.
5
What is the highest common factor of 1339 and 46839?
13
What is the greatest common divisor of 121170 and 3255?
105
Calculate the greatest common divisor of 105 and 5054.
7
Calculate the highest common divisor of 592 and 1832.
8
What is the highest common factor of 84 and 77616?
84
What is the highest common divisor of 88 and 77096?
8
What is the greatest common divisor of 171 and 4212927?
171
What is the highest common factor of 26 and 162346?
2
What is the greatest common divisor of 1067462 and 44?
22
What is the highest common divisor of 161155 and 772?
193
Calculate the highest common divisor of 15 and 66315.
15
Calculate the highest common factor of 464845 and 1550.
155
What is the greatest common factor of 96 and 462?
6
What is the highest common factor of 10 and 15865?
5
Calculate the greatest common divisor of 40 and 1762080.
40
Calculate the greatest common divisor of 10441 and 265.
53
What is the greatest common divisor of 204 and 230588?
68
What is the greatest common divisor of 30 and 36770?
10
What is the greatest common divisor of 166437 and 27?
9
What is the highest common factor of 1114 and 406?
2
Calculate the greatest common divisor of 63888 and 144.
48
Calculate the highest common factor of 1075 and 86.
43
Calculate the highest common divisor of 13888 and 1456.
112
What is the greatest common factor of 496 and 160?
16
What is the greatest common factor of 11961 and 3294?
27
Calculate the highest common factor of 800 and 3013600.
800
Calculate the greatest common factor of 297 and 39564.
9
Calculate the highest common factor of 2310 and 83930.
770
Calculate the highest common divisor of 20871 and 27.
27
Calculate the greatest common factor of 93 and 17043831.
93
What is the greatest common divisor of 6622 and 11008?
86
What is the greatest common factor of 784 and 240247?
49
What is the highest common factor of 60 and 1019904?
12
What is the highest common factor of 225 and 64175?
25
Calculate the greatest common divisor of 53 and 23267.
53
What is the greatest common divisor of 486 and 2250?
18
What is the highest common divisor of 40 and 28584?
8
Calculate the highest common divisor of 405 and 610.
5
What is the greatest common divisor of 152 and 14668?
76
Calculate the greatest common factor of 4016 and 995466.
502
Calculate the greatest common divisor of 1 and 78865.
1
What is the highest common divisor of 8024 and 22597?
59
Calculate the greatest common divisor of 350486 and 806.
62
What is the highest common factor of 45 and 22689?
9
What is the highest common divisor of 297 and 3531?
33
What is the highest common divisor of 912 and 222?
6
What is the greatest common factor of 6851 and 99603?
527
Calculate the highest common factor of 300 and 22940.
20
Calculate the greatest common factor of 6405 and 9345.
105
What is the greatest common factor of 92 and 289777?
23
What is the greatest common divisor of 307248 and 16?
16
Calculate the greatest common divisor of 730709 and 1645.
329
Calculate the greatest common factor of 98 and 924.
14
What is the highest common divisor of 93045 and 15?
15
What is the greatest common divisor of 129 and 12?
3
Calculate the greatest common divisor of 288 and 6786.
18
What is the highest common factor of 7 and 172186?
7
What is the highest common factor of 322232 and 1128?
376
Calculate the highest common divisor of 146 and 6011039.
73
What is the greatest common divisor of 143 and 7095?
11
Calculate the greatest common factor of 12355 and 1978565.
1765
Calculate the greatest common divisor of 39324 and 1392.
348
Calculate the highest common factor of 1541694 and 66.
66
What is the highest common divisor of 54 and 1258?
2
Calculate the greatest common divisor of 32637 and 23.
23
Calculate the highest common factor of 48 and 18936.
24
Calculate the greatest common divisor of 31218 and 2486.
22
Calculate the highest common divisor of 58395 and 60.
15
Calculate the greatest common factor of 1245 and 15189.
249
Calculate the highest common divisor of 659664 and 108.
108
What is the greatest common factor of 17 and 531233?
17
Calculate the greatest common factor of 3049008 and 96.
48
What is the highest common divisor of 3248 and 88?
8
What is the highest common divisor of 153307 and 67151?
1267
What is the highest common factor of 1440 and 27680?
160
What is the greatest common factor of 858 and 54769?
143
What is the highest common divisor of 339660 and 680?
340
What is the greatest common factor of 382 and 63985?
191
Calculate the greatest common factor of 61488 and 308.
28
What is the greatest common divisor of 147 and 9093?
21
What is the highest common divisor of 214992 and 1728?
144
What is the greatest common